{"id":18,"date":"2023-04-14T09:37:53","date_gmt":"2023-04-14T06:37:53","guid":{"rendered":"http:\/\/u73784.www2.webdomain.fi\/?page_id=18"},"modified":"2025-02-28T18:37:43","modified_gmt":"2025-02-28T16:37:43","slug":"luennot-ja-kurssit","status":"publish","type":"page","link":"https:\/\/saarakiviluoto.fi\/?page_id=18","title":{"rendered":"Luennot ja kurssit"},"content":{"rendered":"<p>[et_pb_section fb_built=&#8221;1&#8243; _builder_version=&#8221;4.20.4&#8243; _module_preset=&#8221;default&#8221; background_color=&#8221;#FFFFFF&#8221; background_enable_image=&#8221;off&#8221; background_enable_pattern_style=&#8221;on&#8221; background_pattern_style=&#8221;tufted&#8221; background_pattern_color=&#8221;RGBA(255,255,255,0)&#8221; background_enable_mask_style=&#8221;on&#8221; background_mask_style=&#8221;triangles&#8221; background_mask_color=&#8221;#F0E4DB&#8221; background_mask_transform=&#8221;invert&#8221; custom_margin=&#8221;0px||||false|false&#8221; custom_padding=&#8221;||132px|||&#8221; global_colors_info=&#8221;{}&#8221;][et_pb_row _builder_version=&#8221;4.20.4&#8243; _module_preset=&#8221;default&#8221; custom_margin=&#8221;0px||-12px||false|false&#8221; custom_padding=&#8221;52px||0px||false|false&#8221; global_colors_info=&#8221;{}&#8221;][et_pb_column type=&#8221;4_4&#8243; _builder_version=&#8221;4.20.4&#8243; _module_preset=&#8221;default&#8221; global_colors_info=&#8221;{}&#8221;][et_pb_text _builder_version=&#8221;4.20.4&#8243; _module_preset=&#8221;default&#8221; global_colors_info=&#8221;{}&#8221;]<\/p>\n<h1>LUENNOT JA KURSSIT<\/h1>\n<p>[\/et_pb_text][\/et_pb_column][\/et_pb_row][\/et_pb_section][et_pb_section fb_built=&#8221;1&#8243; _builder_version=&#8221;4.20.4&#8243; _module_preset=&#8221;default&#8221; background_color=&#8221;RGBA(255,255,255,0)&#8221; background_image=&#8221;http:\/\/u73784.www2.webdomain.fi\/wp-content\/uploads\/2023\/04\/cork-board-mockup-desktop-organizer-with-school-s-2022-07-15-18-31-21-utc-1.jpg&#8221; background_position=&#8221;center_right&#8221; background_enable_mask_style=&#8221;on&#8221; background_mask_color=&#8221;RGBA(255,255,255,0)&#8221; width=&#8221;100%&#8221; min_height=&#8221;772.8px&#8221; custom_margin=&#8221;0px||0px||false|false&#8221; custom_padding=&#8221;50px||4px||false|false&#8221; global_colors_info=&#8221;{}&#8221;][et_pb_row column_structure=&#8221;1_2,1_2&#8243; _builder_version=&#8221;4.20.4&#8243; _module_preset=&#8221;default&#8221; global_colors_info=&#8221;{}&#8221;][et_pb_column type=&#8221;1_2&#8243; _builder_version=&#8221;4.20.4&#8243; _module_preset=&#8221;default&#8221; global_colors_info=&#8221;{}&#8221;][et_pb_text _builder_version=&#8221;4.20.4&#8243; _module_preset=&#8221;default&#8221; header_3_font=&#8221;|||on|||||&#8221; header_3_text_color=&#8221;#C6897C&#8221; background_color=&#8221;#FFFFFF&#8221; custom_padding=&#8221;16px||24px||false|false&#8221; border_radii=&#8221;on|5px|5px|5px|5px&#8221; border_width_all=&#8221;40px&#8221; border_color_all=&#8221;#FFFFFF&#8221; box_shadow_style=&#8221;preset2&#8243; global_colors_info=&#8221;{}&#8221;]<\/p>\n<h3><span>Luennot<\/span><\/h3>\n<p><span><\/span><\/p>\n<p><span>Onko sinulla toiveissa kodin j\u00e4rjest\u00e4miseen tai tavarahaasteisiin liittyv\u00e4 luento? Tavarahaasteiden ratkomiseen liittyv\u00e4t luentoni soveltuvat sis\u00e4ll\u00f6lt\u00e4\u00e4n jokaiselle, joka haluaisi k\u00e4ytt\u00e4\u00e4 arjessaan v\u00e4hemm\u00e4n aikaa siivoamiseen ja tavaroiden loputtomaan py\u00f6rittelyyn.\u00a0<\/span><\/p>\n<p><strong>Luennon aihe voi olla esimerkiksi:<\/strong><\/p>\n<p><span><\/span><\/p>\n<ul>\n<li><span>Kuinka taklata tavarakaaos<\/span><\/li>\n<li><span>Arjen sujuvuus<\/span><\/li>\n<li><span>Monen sukupolven tavarat <\/span><\/li>\n<\/ul>\n<p>[\/et_pb_text][et_pb_button button_text=&#8221;Hinnasto&#8221; _builder_version=&#8221;4.21.0&#8243; _module_preset=&#8221;default&#8221; custom_button=&#8221;on&#8221; button_text_color=&#8221;#FFFFFF&#8221; button_bg_color=&#8221;#C6897C&#8221; button_bg_enable_color=&#8221;on&#8221; button_url=&#8221;@ET-DC@eyJkeW5hbWljIjp0cnVlLCJjb250ZW50IjoicG9zdF9saW5rX3VybF9wYWdlIiwic2V0dGluZ3MiOnsicG9zdF9pZCI6IjIxNSJ9fQ==@&#8221; _dynamic_attributes=&#8221;button_url&#8221; hover_enabled=&#8221;0&#8243; sticky_enabled=&#8221;0&#8243;][\/et_pb_button][\/et_pb_column][et_pb_column type=&#8221;1_2&#8243; _builder_version=&#8221;4.20.4&#8243; _module_preset=&#8221;default&#8221; global_colors_info=&#8221;{}&#8221;][et_pb_text _builder_version=&#8221;4.21.0&#8243; _module_preset=&#8221;default&#8221; header_font=&#8221;|||on|||||&#8221; header_3_font=&#8221;|||on|||||&#8221; background_color=&#8221;#FFFFFF&#8221; custom_padding=&#8221;16px||24px||false|false&#8221; hover_enabled=&#8221;0&#8243; border_radii=&#8221;on|5px|5px|5px|5px&#8221; border_width_all=&#8221;40px&#8221; border_color_all=&#8221;#FFFFFF&#8221; box_shadow_style=&#8221;preset2&#8243; global_colors_info=&#8221;{}&#8221; sticky_enabled=&#8221;0&#8243;]<\/p>\n<h3>Kurssit<\/h3>\n<p><span><\/span><\/p>\n<p><span>Pid\u00e4n j\u00e4rjest\u00e4miseen ja arjen sujuvuuteen liittyvi\u00e4 kursseja kansalaisopistoissa. Pitk\u00e4ll\u00e4 opettajakokemuksella ohjaan tilauksesta my\u00f6s ty\u00f6pajat ja pidemm\u00e4tkin koulutuskokonaisuudet.<\/span><\/p>\n<p>[\/et_pb_text][\/et_pb_column][\/et_pb_row][\/et_pb_section][et_pb_section fb_built=&#8221;1&#8243; _builder_version=&#8221;4.20.4&#8243; _module_preset=&#8221;default&#8221; background_color=&#8221;#FFFFFF&#8221; background_enable_mask_style=&#8221;on&#8221; background_mask_style=&#8221;triangles&#8221; background_mask_color=&#8221;#F0E4DB&#8221; background_mask_transform=&#8221;invert|flip_horizontal&#8221; global_module=&#8221;460&#8243; saved_tabs=&#8221;all&#8221; global_colors_info=&#8221;{}&#8221;][et_pb_row column_structure=&#8221;1_2,1_2&#8243; _builder_version=&#8221;4.20.4&#8243; _module_preset=&#8221;default&#8221; global_colors_info=&#8221;{}&#8221;][et_pb_column type=&#8221;1_2&#8243; _builder_version=&#8221;4.20.4&#8243; _module_preset=&#8221;default&#8221; global_colors_info=&#8221;{}&#8221;][\/et_pb_column][et_pb_column type=&#8221;1_2&#8243; _builder_version=&#8221;4.20.4&#8243; _module_preset=&#8221;default&#8221; global_colors_info=&#8221;{}&#8221;][et_pb_cta title=&#8221;Taklataan yhdess\u00e4 tavarahaasteet&#8221; button_url=&#8221;https:\/\/saarakiviluoto.fi\/?page_id=24&#8243; button_text=&#8221;Yhteydenotto&#8221; _builder_version=&#8221;4.21.0&#8243; _module_preset=&#8221;default&#8221; header_text_align=&#8221;left&#8221; header_line_height=&#8221;1.2em&#8221; background_color=&#8221;#C6897C&#8221; custom_button=&#8221;on&#8221; button_text_color=&#8221;#C6897C&#8221; button_bg_color=&#8221;#FFFFFF&#8221; button_border_radius=&#8221;5px&#8221; button_alignment=&#8221;left&#8221; custom_padding=&#8221;43px||45px||false|false&#8221; border_radii=&#8221;on|5px|5px|5px|5px&#8221; global_colors_info=&#8221;{}&#8221;]<\/p>\n<p style=\"text-align: left;\">Tilaa maksuton tutustumisk\u00e4ynti, jossa kartoitetaan tilanne ja mietit\u00e4\u00e4n, kuinka voisin auttaa sinua tavarahaasteissa.<\/p>\n<p>[\/et_pb_cta][\/et_pb_column][\/et_pb_row][\/et_pb_section][et_pb_section fb_built=&#8221;1&#8243; _builder_version=&#8221;4.20.4&#8243; _module_preset=&#8221;default&#8221; global_colors_info=&#8221;{}&#8221;][et_pb_row column_structure=&#8221;1_2,1_2&#8243; _builder_version=&#8221;4.20.4&#8243; _module_preset=&#8221;default&#8221; global_colors_info=&#8221;{}&#8221;][et_pb_column type=&#8221;1_2&#8243; _builder_version=&#8221;4.20.4&#8243; _module_preset=&#8221;default&#8221; global_colors_info=&#8221;{}&#8221;][et_pb_testimonial author=&#8221;Nainen, 30&#8243; _builder_version=&#8221;4.20.4&#8243; _module_preset=&#8221;default&#8221; custom_margin=&#8221;||37px||false|false&#8221; custom_margin_tablet=&#8221;||150px|||&#8221; custom_margin_phone=&#8221;||0px||false|false&#8221; custom_margin_last_edited=&#8221;on|phone&#8221; global_colors_info=&#8221;{}&#8221;]<\/p>\n<p>Hyv\u00e4 ja k\u00e4yt\u00e4nn\u00f6nl\u00e4heinen kurssi. Saara loi hyv\u00e4n, luottamuksellisen ja avoimen ilmapiirin keskustelulle.<\/p>\n<p>[\/et_pb_testimonial][et_pb_testimonial author=&#8221;Nainen, 35&#8243; _builder_version=&#8221;4.20.4&#8243; _module_preset=&#8221;default&#8221; custom_margin=&#8221;0px||||false|false&#8221; custom_padding=&#8221;35px||||false|false&#8221; global_colors_info=&#8221;{}&#8221;]<\/p>\n<p>Mukavan sallivalla otteella Saara k\u00e4vi karsimisasioita teema kerrallaan l\u00e4pi. Kurssilta sai hyvi\u00e4 k\u00e4yt\u00e4nn\u00f6n vinkkej\u00e4, kuinka omaa kotiaan saa raivattua. Paljon my\u00f6s alkanut ajatella omaa ostosk\u00e4ytt\u00e4ytymist\u00e4 ja suhdetta jo oleviin tavaroihin.<\/p>\n<p>[\/et_pb_testimonial][\/et_pb_column][et_pb_column type=&#8221;1_2&#8243; _builder_version=&#8221;4.20.4&#8243; _module_preset=&#8221;default&#8221; global_colors_info=&#8221;{}&#8221;][et_pb_image src=&#8221;http:\/\/u73784.www2.webdomain.fi\/wp-content\/uploads\/2023\/04\/messuilla-1.jpg&#8221; alt=&#8221;Ammattij\u00e4rjest\u00e4j\u00e4 Saara Kiviluoto messuilla&#8221; title_text=&#8221;Ammattij\u00e4rjest\u00e4j\u00e4 Saara Kiviluoto&#8221; _builder_version=&#8221;4.20.4&#8243; _module_preset=&#8221;default&#8221; global_colors_info=&#8221;{}&#8221;][\/et_pb_image][\/et_pb_column][\/et_pb_row][\/et_pb_section][et_pb_section fb_built=&#8221;1&#8243; _builder_version=&#8221;4.20.4&#8243; _module_preset=&#8221;default&#8221; global_colors_info=&#8221;{}&#8221;][et_pb_row _builder_version=&#8221;4.20.4&#8243; _module_preset=&#8221;default&#8221; global_colors_info=&#8221;{}&#8221;][et_pb_column type=&#8221;4_4&#8243; _builder_version=&#8221;4.20.4&#8243; _module_preset=&#8221;default&#8221; global_colors_info=&#8221;{}&#8221;][et_pb_post_nav _builder_version=&#8221;4.20.4&#8243; _module_preset=&#8221;default&#8221; global_colors_info=&#8221;{}&#8221;][\/et_pb_post_nav][\/et_pb_column][\/et_pb_row][\/et_pb_section]<\/p>\n","protected":false},"excerpt":{"rendered":"<p>LUENNOT JA KURSSITLuennot Onko sinulla toiveissa kodin j\u00e4rjest\u00e4miseen tai tavarahaasteisiin liittyv\u00e4 luento? Tavarahaasteiden ratkomiseen liittyv\u00e4t luentoni soveltuvat sis\u00e4ll\u00f6lt\u00e4\u00e4n jokaiselle, joka haluaisi k\u00e4ytt\u00e4\u00e4 arjessaan v\u00e4hemm\u00e4n aikaa siivoamiseen ja tavaroiden loputtomaan py\u00f6rittelyyn.\u00a0 Luennon aihe voi olla esimerkiksi: Kuinka taklata tavarakaaos Arjen sujuvuus Monen sukupolven tavarat Kurssit Pid\u00e4n j\u00e4rjest\u00e4miseen ja arjen sujuvuuteen liittyvi\u00e4 kursseja kansalaisopistoissa. Pitk\u00e4ll\u00e4 opettajakokemuksella ohjaan [&hellip;]<\/p>\n","protected":false},"author":1,"featured_media":0,"parent":0,"menu_order":0,"comment_status":"closed","ping_status":"closed","template":"","meta":{"_et_pb_use_builder":"on","_et_pb_old_content":"","_et_gb_content_width":"","footnotes":""},"class_list":["post-18","page","type-page","status-publish","hentry"],"_links":{"self":[{"href":"https:\/\/saarakiviluoto.fi\/index.php?rest_route=\/wp\/v2\/pages\/18","targetHints":{"allow":["GET"]}}],"collection":[{"href":"https:\/\/saarakiviluoto.fi\/index.php?rest_route=\/wp\/v2\/pages"}],"about":[{"href":"https:\/\/saarakiviluoto.fi\/index.php?rest_route=\/wp\/v2\/types\/page"}],"author":[{"embeddable":true,"href":"https:\/\/saarakiviluoto.fi\/index.php?rest_route=\/wp\/v2\/users\/1"}],"replies":[{"embeddable":true,"href":"https:\/\/saarakiviluoto.fi\/index.php?rest_route=%2Fwp%2Fv2%2Fcomments&post=18"}],"version-history":[{"count":44,"href":"https:\/\/saarakiviluoto.fi\/index.php?rest_route=\/wp\/v2\/pages\/18\/revisions"}],"predecessor-version":[{"id":757,"href":"https:\/\/saarakiviluoto.fi\/index.php?rest_route=\/wp\/v2\/pages\/18\/revisions\/757"}],"wp:attachment":[{"href":"https:\/\/saarakiviluoto.fi\/index.php?rest_route=%2Fwp%2Fv2%2Fmedia&parent=18"}],"curies":[{"name":"wp","href":"https:\/\/api.w.org\/{rel}","templated":true}]}}